 - 45.
-76
Calculate 21 - ((4 + -17 - -15) + 6).
13
21 + -15 + 14 + -46 - -14
-12
Evaluate -2 - -4 - ((113 - (31 - -18)) + (-5 - 1)).
-56
Evaluate 3 + -2 + -109 + -40 + -63 + 99.
-112
111 + 0 + (1 - (-13 - -15 - (1 + -12)))
99
What is the value of -54 + 74 + (-42 - 13)?
-35
What is the value of 3 + 14 + (40 + 127 + -61 - (1 - -10))?
112
Evaluate 71 - (45 - -8) - 5.
13
What is 2 + 33 + (-10 - -58)?
83
Evaluate ((-8 - 1) + 1 - (-26 + -41)) + 0.
59
What is 17 + -4 + -32 + 7 + 109?
97
What is 12 + (-9 - 0) + 12 + 19?
34
What is (-65 - -2) + 0 - (31 + 63 + -105)?
-52
What is the value of (59 - 1 - (-495 - -571)) + 85 + 1?
68
Evaluate (4 - -17) + -8 + (0 - 3 - 80).
-70
-8 + 11 + (2 - 5) + 12
12
What is 59 - (119 - 127) - -12?
79
What is the value of -40 + 33 - (-1 - 9 - (-6 + 41))?
38
(-109 - 7) + (14 - (-38 + 41 + 8 + -4))
-109
Evaluate (72 - -16) + -40 - 21.
27
Calculate -4 - (3 + (-3 - 42)).
38
-39 - (3 - ((11 - 16) + 3 + 4)) - 11
-51
Calculate -13 + 4 + (85 - (-22 + 55)) + 1 + 6.
50
9 + -1 - (-17 - (-11 + -117 - -17))
-86
What is the value of -16 - (57 - (-8 + 12)) - (8 + -11)?
-66
Evaluate (-44 - -12) + 11 + (-1 - 2).
-24
Calculate 1174 + -1167 + (5 + -30 - 8).
-26
Evaluate (21 + -1 - (1263 + -1244)) + -36.
-35
What is the value of 108 + 135 + 114 + -467?
-110
What is the value of (-44 - (-60 + 41 + -64)) + 59?
98
(-11 - (8 - 1) - -22) + 12
16
What is the value of 4 - (7 - (9 + (-7 - 1 - -4)))?
2
Calculate -13 + 1 + (166 - (50 - -75)).
29
What is the value of -3 + -3 - (6 - 2) - (-71 + 8 + 0)?
53
-3 + (160 - 172) + 18 + 1
4
What is 90 + -132 + (-71 - -24) + 7 + -1?
-83
Calculate (-67 - (9 + -35)) + 66.
25
Calculate -30 + -11 - -34 - 5.
-12
What is (7 - 11) + 52 + -3 + -65 + 67?
47
What is 194 + -35 + -27 - 117?
15
Evaluate 16 - (9 - (-33 + 23)) - 66.
-69
Evaluate -20 - (-19 + -11) - (-5 + (-6 - 68) - -1).
88
Calculate 130 + (7 + 0 - (0 - -10 - -20 - 24)).
131
What is 1 - ((5 - 7) + -2 + 10 + -3 + 35)?
-37
What is the value of -15 + (-3 + -22 + 23 + -5 - 2)?
-24
Calculate (10 - (-6 - -18)) + -14 - 36.
-52
Evaluate 53 - 2 - (-15 + -1 - -14).
53
28 + 2 + (-6 - -8 - -6 - 0) + -18
20
What is -334 + 284 + -2 + 56?
4
Calculate 90 + (-47 - (55 + -74)).
62
What is 3 + -1 + (8 - 12) + 5 + -103 + 1?
-99
What is the value of (-18 - 3) + -6 - (8 + -2) - (0 - -5)?
-38
What is the value of -2 - -56 - (5 - -16 - 30) - -7?
70
What is -22 - (22 + 14) - -11?
-47
Evaluate (144 - 62 - 43) + -5 + 2.
36
Evaluate 1 + -46 + 16 + 72.
43
What is the value of -40 + 22 + -35 + 87?
34
What is 149 + -132 + -64 + -3?
-50
Evaluate 41 + -24 + 10 + -21 - (-2 + -27).
35
What is 9 + (-11 - -72) + -11?
59
What is the value of (40 - (-6 - -23)) + -30 + -1?
-8
What is -1964 + 1984 - (1 + 40)?
-21
Calculate -6 - (-2 + 47 + -199 + 194 - (1 - -1)).
-44
-25 - (-27 + -6 + 27 + 12)
-31
-5 + (0 - -14) - (14 + 11)
-16
What is 129 + -126 + (-40 - 41)?
-78
-388 + 403 - (12 + (3 - 4))
4
What is 15 + (-24 - (-1 + -72))?
64
Calculate 16 - (-58 + 24 + 15).
35
Calculate (-35 - (39 + -32 + -49)) + 35 + 1.
43
Calculate 185 + (109 - 291) + (0 - 42).
-39
(8 - (3 + 12 + 10 + -3 - 4)) + 69
59
What is (6 - (30 - 22)) + (-6 + 0 - 23)?
-31
What is -73 + (27 - (-94 - -16))?
32
Evaluate (0 - -106) + 64 + (-67 - 17).
86
-58 + 22 - -48 - -9
21
Calculate 40 + -221 - -125 - -173.
117
(-16 + 0 - (738 + -743)) + -3 + -17
-31
What is the value of 2 + (-20 - 11) - 7?
-36
What is the value of -3 + 10 - (-12 + (3 + 3 - 10))?
23
Evaluate -37 + (-1 - -43 - 58).
-53
Evaluate -84 + 125 + 10 + (4 - -6).
61
What is the value of -15 - (-3 - (1 - -8 - 7)) - 7?
-17
What is the value of 5 + -35 + 16 - (290 + -306)?
2
What is -21 + (9 - -8) - (-10 + 104 + -6)?
-92
What is the value of 46 - (74 - (21 + 37))?
30
What is the value of -89 + 69 + (-48 - -5)?
-63
Evaluate 56 - (-7 - (12 + -7)) - 13 - 4.
51
Calculate -1 - -5 - ((-33 - (-28 - 11)) + -29).
27
What is (-8 - 1) + 202 + -216 + 44?
21
What is the value of (13 - 0) + -1 - 4 - (-39 + -5 + 145)?
-93
Evaluate 2 + -7 - (-127 - (21 - 64)).
79
4 + -3 + -5 - (-6 - -11) - -17
8
Calculate 1 + -48 + (2 - (-15 - (-7 + -3))).
-40
Evaluate 96 + -6 - 2 - 96.
-8
What is -3 + (3 - 0 - 8) + (260 - 283)?
-31
(26 - -58) + -5 - (29 + -2)
52
Calculate (-6 - (-7 + 6) - 10) + (36 - -60).
81
Calculate 3 + -18 - (1973 + -1934).
-54
Evaluate 16 - 13 - 9 - (-14 + 36).
-28
Evaluate -67 - (46 - (-31 + 38 + 13)).
-93
Evaluate 32 - (-97 + 147 + -15).
-3
Evaluate -7 + (1 - -20) + (13 - -4).
31
What is the value of -107 - -203 - (-2 - -47)?
51
1 - (-9 + 24 - 6) - ((1 - -108) + 2)
-119
What is the value of (-20 + 0 + 14 + -18 - -28) + (7 - -2)?
13
What is (91 - 103 - (-2 + 3 + -3)) + 3?
-7
What is the value of (-134 - -113) + (2 - 2) - -42?
21
What is the value of 0 + 24 + 104 + -144?
-16
What is -59 + 0 + 36 - -52?
29
Calculate 107 + -60 - 74 - (-75 - 2) - (2 - 11).
59
What is -47 - (-5 + -1) - (-10 - -10 - 4)?
-37
What is the value of 3 - 0 - (41 + -27 - (25 - 1) - -13)?
0
What is -57 + 75 - (31 - (-10 - -9 - 1))?
-15
What is -95 + -1 - (-70 + 91 - (-1 - -31))?
-87
Calculate 87 - (38 + 16 + -25 + 15).
43
Calculate 82 + (53 - 144) + 20 + 0.
11
Calculate -13 + (6 + (-18 - -4) - 12).
-33
Evaluate -209 + 151 + -50 + 98.
-10
Evaluate 11 - ((-15 + 20 - -1) + (-8 - 49)).
62
What is the value of -46 + (-22 + -21 - -106)?
17
What is 82 - 1 - (-1729 + 1840)?
-30
What is the value of 0 + -3 + (0 - 17 - -33)?
13
What is 4 + (-12 - -47) + -18 + -1 + -8?
12
What is the value of 40 + -4090 + 4089 + (1 + 13 - 1)?
52
What is (102 - (-45 - -56)) + -28?
63
Evaluate 109 - (-74 - (-25 + 20) - -39).
139
-51 - 14 - -2 - -52
-11
Evaluate 4 - 1 - (-10 + 5 + 35 - (49 + -54)).
-32
What is the value of -12 + 51 + -75 + 29 + (1 - (2 - 63))?
55
What is 3 + 2 + 0 - 19 - (16 + 20 + -38)?
-12
5 - ((1 - (14 + -3)) + (181 - 177))
11
What is (-4 - -22) + (-24 - (22 - 29)) - (23 + 1)?
-23
What is (167 - (25 - -167)) + (28 - 1)?
2
17 - -5 - (-16 + (-43 - -46))
35
(-1 - 17) + (-151 + 212 - -19)
62
What is the value of 79 + -1 + -1 + (342 - 304 - (-1 - -34))?
82
What is (22 - (-29 + 64)) + (82 + 0 - -1)?
70
What is -27 + (-15 - (-26 + -6) - -35)?
25
What is the value of 1 + 2 - (-256 - -284) - (1 + 6 + 2)?
-34
What is -3893 + 3898 + (-10 - 1)?
-6
Evaluate -11 - (-2 + -8 - (-1 + (0 - 13))) - 12.
-27
What is -4 + 27 - (-21 - (-16 - 6))?
22
(11 - (-3 + 7 + -23 + 38)) + 1 + 117
110
What is (-106 - (-140 - -76)) + 20?
-22
Evaluate (20 - -3 - 19) + -16 - -10.
-2
(-64 - (68 - 84)) + -6
-54
Evaluate 13 + (-3 - -16) + -3.
23
Calculate 22 + (132 - (-3 - -13)) + 17 + -6.
155
What is -85 + (-1 - 17) + 1084 + -1069?
-88
Calculate (-156 - (6 + -136)) + 0 + 1 + 1.
-24
What is the value of -290 + 226 - (-6 - 29)?
-29
What is the value of 4 - (10 + (-2 - 21 - -7)) - 7 - 88?
-85
(-84 - -91) + -22 - (51 - 4)
-62
Evaluate 7 + 23 - (1 + -6 - (-9 - (1 - 16))).
41
What is (7 + 0 - -7) + (-32 + 15 - 11)?
-14
Calculate (2 - -14) + -21 + -22 + 0.
-27
Calculate 12 - ((6 - (-22 - -29)) + 20 + 4).
-11
Calculate -51 + 68 + -24 + -2 + 2.
-7
Calculate (7 - (8 + 0 + -26 + 7 + 18)) + -25.
-25
Evaluate -72 + 57 + 31 + -2 + -70.
-56
Evaluate -318 + -10 + 385 - (1 - 13).
69
Calculate 2 + 2 + 7 - (-77 + (-128 - -172)).
44
Evaluate -27 + (6 - -1) - -27.
7
What is the value of (-22 + -1 - (-807 + 784)) + 12 - (0 + 52)?
-40
Calculate -75 + (36 - (30 - 39)).
-30
What is the value of (1 + -10 + 12 - 2) + 44 + -32?
13
What is the value of -53 - (-109 - (50 + -127))?
-21
What is (21 - 88) + (-125 - -127)?
-65
What is the value of -125 - (-68 + 55 + -51)?
-61
Evaluate (-14 - 0) + -7 + 7 + (18 - 22).
-18
13 + -32 + 10 - (27 + -94)
58
What is the value of -1 + -5 - (-186 + 193 - 107)?
94
What is the value of (-3 - (0 - 2)) + -179 + 171 + (0 - -19)?
10
What is -108 + 135 + 4 + -144?
-113
9 - ((19 - 41) + 0 + 11)
20
Calculate 106 + (17 - 37) - (-45 + 46).
85
7 + -2 + 41 + 6 + -90 + 18
-20
Calculate 5 + ((-3 - -1) + 3 - (261 + -273)).
18
Calculate (129 - (44 - -60)) + -104.
-79
Evaluate 16 + (20 + -9 - (92 - 0)).
-65
What is (1 - (-22 + 4 + 3)) + 198 + -201?
13
-75 + (-23 - -49) - 33
-82
-3 + -3 + 10 + 4 + (-26 - -26)
8
Evaluate -14 + (1749 - 1760 - (10 + (3 - 1))).
-37
-3 + -7 - (5 + -20 + 25) - -9 - -36
25
What is the value of -15 + -1 + -245 + 364 + -132?
-29
Evaluate 2 + (11 - (-10 - -27)